 9. Suppose -2*d - 3 = r*c - 73, -3*d = 4*c - 119. What is the greatest common divisor of d and 5?
5
Suppose 522*a = 494*a + 476. Calculate the highest common divisor of a and 731.
17
Suppose 0 = 3*x - 4 - 2. Suppose -11*s + 14 = -4*s. Suppose -4*n - s*c + 20 = 4, n = -4*c + 4. Calculate the greatest common factor of x and n.
2
Let k be (-16530)/(-475) - ((-22)/10 - -2). Calculate the highest common factor of 45 and k.
5
Suppose 0 = g + 2*r - 26, -3*r = -3*g - 13 + 55. Let l = g + 45. Let j = l - 45. Calculate the highest common divisor of j and 45.
9
Suppose 0 = 2*w + 3*j - 13, -4*w = 2*j - 8 - 6. Let x be 5 - (w/1 + 0). Calculate the highest common factor of 3 and x.
3
Let u = -306 + 310. What is the greatest common factor of 164 and u?
4
Let y(g) = -g + 10. Let i be y(8). Suppose d = -w + 20, d - 10 = i*w + 16. Calculate the greatest common divisor of 11 and d.
11
Suppose 2*d + o - 6*o = 300, 0 = -5*o - 20. What is the greatest common factor of d and 175?
35
Let y = -4 + 10. Let n be (5 - 2)*46/y. Calculate the highest common factor of n and 115.
23
Let b(n) = 2*n**3 - 3*n**2 - 5*n + 3. Let r be b(3). Let l(a) = -19*a + 13. Let g be l(-8). Calculate the highest common factor of g and r.
15
Let z = 1012 - 993. Let y = 25 - 6. What is the highest common divisor of z and y?
19
Let d = -699 + 769. What is the highest common factor of d and 175?
35
Let r = -218 - -366. Suppose 70 = p - m - 4*m, 2*p - 2*m - r = 0. Let u(c) = -c**2 + c + 30. Let d be u(0). What is the greatest common factor of d and p?
15
Let q(m) = -17 + 0*m + 3*m - m**3 + m - 6*m**2. Let l be q(-7). Calculate the greatest common factor of l and 4.
4
Let u be 352/16*(-54)/(-12). Calculate the greatest common divisor of 957 and u.
33
Let f be (-2030)/(-5) + -6 + 15/3. What is the greatest common factor of 15 and f?
15
Let r(u) = -4*u**3. Let k = 10 + -11. Let z be r(k). Suppose 2*o = -z*c + 26, -5*o = 3*c - 57 + 6. Calculate the greatest common divisor of 72 and o.
9
Let l(h) = -h - 10. Let j(p) = p**3 - 2*p**2 - 2*p + 1. Let y be j(3). Let n be 6*y/12 - 15. Let m be l(n). Calculate the highest common divisor of 15 and m.
3
Let u = 2468 + -2464. What is the highest common factor of 4 and u?
4
Let x be (-78)/65 + 21078/15. Calculate the highest common divisor of x and 52.
52
Let i = 82 + -38. Let q = 5 + i. What is the highest common factor of q and 7?
7
Let j be (-2)/(-2) + (4 - -12). Let y be (-2)/2*(-21 - -3 - -4). Suppose y = v - 3. What is the highest common factor of j and v?
17
Suppose -85 = 4*r - 5*g, -40 = 2*r + g - 3*g. Let c = 27 + r. Suppose -5*u + 16 + 64 = -5*a, 2*u + 3*a - 42 = 0. What is the greatest common divisor of u and c?
6
Let n = -119 + 255. Calculate the highest common divisor of 24 and n.
8
Let t be ((-2)/(-3))/(2/(-99)). Let z be t/(-7) + 1/14*4. What is the highest common factor of 5 and z?
5
Suppose 5*k - 37 = 48. Let q = 198 + -139. Let j be q/(-2)*-4 - -1. What is the greatest common divisor of k and j?
17
Let w = 144 - 130. Let b(j) = -103*j + 2. Let m be b(-1). Suppose 0 = 5*d - 10*d + m. What is the highest common divisor of w and d?
7
Let b = -28 + 36. Let r = -6 + 8. Let l = r + b. Calculate the highest common divisor of l and 70.
10
Let l be 4/(-6) - (-32)/12. Let r(a) = 18*a. Let p be r(l). Let d be p/8*(0 + 18). What is the greatest common factor of 54 and d?
27
Let s = -40 + 36. Let b be s/(-2) - (13 + -15). Calculate the highest common divisor of 6 and b.
2
Suppose 4*m + 127*f = 131*f + 1160, -4*f = 8. What is the greatest common factor of 45 and m?
9
Let g = -20 - -32. Suppose 0 = 4*w - 94 + 22. What is the greatest common divisor of w and g?
6
Let m(i) = 5*i - 12. Let r be m(6). Suppose 3*l = 2*c + 27, -4*l - c + 7 = -r. What is the greatest common factor of l and 49?
7
Suppose 5*n + 40 = k - 363, 0 = -k - 2*n + 368. What is the highest common factor of 1386 and k?
126
Suppose 0 = -3*t - 0*t + 36. Suppose -14 = 5*u - 12*u. Suppose u*v = -v + t. Calculate the highest common factor of v and 4.
4
Let n = 91 + -77. Suppose 2*g = 883 + 29. Suppose g = 3*i - 0*i - 2*p, 0 = i - 2*p - 148. What is the greatest common divisor of n and i?
14
Let o = 8 - 19. Let x(y) = -2*y - 18. Let u be x(o). What is the greatest common divisor of u and 4?
4
Suppose 2*k - 7 = -1. Let g(p) = p - 15. Let w be g(15). Suppose 3*t - 106 + 43 = w. Calculate the highest common divisor of t and k.
3
Let n(o) = 143*o + 3. Let y be n(2). Let i = -169 + y. Calculate the greatest common factor of i and 15.
15
Let p = 14 - -6. Let t = -15 + 13. Let a be 4/4 + t - -3. Calculate the highest common divisor of p and a.
2
Suppose 0 = -3*o + 3 - 0. Let z(t) = t**3 + 3*t**2 - 6*t - 5. Let c be z(-4). Let h be (o - 4)/(c/(-2)). What is the highest common factor of h and 5?
1
Suppose 62 = 4*y + 14. Let x(h) = 3*h**2 + 8*h - 24. Let m = -17 - -23. Let u be x(m). Calculate the greatest common divisor of u and y.
12
Suppose -2*k = 5 - 9. Suppose -3*y = k*y. Suppose -2*h - 654 = -7*h - 2*u, 4*h - 3*u - 537 = y. Calculate the greatest common divisor of 12 and h.
12
Suppose -12*h + 471 = -201. What is the highest common factor of 266 and h?
14
Suppose 0 = -3*p - 2*x + 34, -4*x + 8 = p - 0*x. Suppose 9 - 3 = -3*m, 2*u = -4*m + 112. What is the highest common factor of p and u?
12
Let n(i) = 7*i**3 + i**2 - 10*i + 7. Let r be n(1). Calculate the greatest common factor of 1475 and r.
5
Let t = -632 - -2227. Calculate the greatest common factor of t and 55.
55
Suppose 28 = -2*p + 3*y, -3*y = -2*y - 4. Let m(r) = -6 - 3*r + 19 + 4*r. Let b be m(p). Calculate the greatest common factor of 2 and b.
1
Let t(b) = -b**3 + 4*b**2 - 2*b - 1. Let j be t(3). Suppose -j*h - 2 = -3*h. What is the highest common divisor of h and 18?
2
Suppose -3*l + 1324 = -3*w - 38, 914 = 2*l + 4*w. What is the greatest common factor of l and 13?
13
Let n be 4/(16/(-20)) - -65*1. Calculate the highest common factor of n and 100.
20
Let p = 351 - 141. Calculate the highest common divisor of 60 and p.
30
Let l = -676 + 727. What is the greatest common factor of 272 and l?
17
Suppose -2*u + 42 = 2*l, 8*u - 83 = 5*u + 2*l. Calculate the greatest common divisor of u and 75.
25
Let c be (441/28)/((-12)/(-32)). Suppose 0 = c*m - 35*m - 224. Calculate the highest common factor of 16 and m.
16
Suppose o = -4, -o + 19 - 137 = -3*x. Let d = 56 - x. Suppose t - a - 86 = 38, -3*t - 5*a + 388 = 0. What is the greatest common factor of t and d?
18
Let t(i) = -i + 3. Let b = 6 - 11. Let a be t(b). Let j be a*(-2 - -3)*4. What is the greatest common factor of j and 4?
4
Suppose 7*p - 16 = -p. Suppose 0 = -3*d - p*j + 30, -3*j - j - 36 = -2*d. What is the greatest common divisor of d and 96?
12
Let c be (-2169)/(-12) + 54/(-72). What is the highest common divisor of c and 300?
60
Suppose -8*t + 14 = -314. Let f = 81 - t. Suppose -14*x + 10*x = -f. What is the highest common factor of x and 10?
10
Let y = -43 - -41. Let z be (15/(-6) - -3)*28. Let s = z + y. Calculate the greatest common factor of 12 and s.
12
Let m(z) = 798*z - 77. Let h(t) = -21*t + 2. Let x(r) = -77*h(r) - 2*m(r). Let n be x(1). Suppose 5 - 8 = -u. Calculate the greatest common factor of n and u.
3
Suppose 61*n = 77*n - 64. Let d(v) = v**2 + 6*v + 7. Suppose 4*t + 19 = -1. Let c be d(t). What is the greatest common divisor of n and c?
2
Let x = 127 + -188. Let q = x + 149. Let a = 26 + -15. What is the greatest common divisor of q and a?
11
Let q be 21 - 1 - 2/1. Suppose 5*m + q = -7. Let g = m + 14. Calculate the greatest common divisor of 99 and g.
9
Let z = 337 - 331. What is the highest common divisor of 27 and z?
3
Let i(o) = -o + 1. Let r be i(1). Suppose -7*f + 8*f - 12 = r. Let q = 30 - f. Calculate the highest common factor of q and 6.
6
Let g be (-365)/(-2) + 6/4. Let w be (8/10)/((-8)/(-940)). Suppose d = -3*d - h + w, 2*d + 5*h - 56 = 0. Calculate the greatest common factor of d and g.
23
Suppose -82*j = -102*j + 1700. Calculate the greatest common factor of j and 255.
85
Suppose 4*k + k + 11 = 3*d, 2*d - 4*k = 8. What is the greatest common divisor of d and 86?
2
Let g(i) = 15*i + 372. Let n be g(-22). Calculate the greatest common factor of n and 66.
6
Suppose 8*a = 158 - 78. What is the highest common factor of 8 and a?
2
Let l(h) = -60*h. Let f be l(-3).